{"id":266,"date":"2020-11-10T14:53:28","date_gmt":"2020-11-10T14:53:28","guid":{"rendered":"https:\/\/verdebar.com\/?page_id=266"},"modified":"2025-11-17T13:43:53","modified_gmt":"2025-11-17T13:43:53","slug":"hrana","status":"publish","type":"page","link":"https:\/\/verdebar.com\/?page_id=266","title":{"rendered":"HRANA \/ FOOD"},"content":{"rendered":"<div class=\"brz-root__container brz-reset-all\">\n<section id=\"xnrptnqybiwbjhfwklcbsqisgacoehqwsskw\" class=\"brz-section brz-section__header brz-css-zaqmp\" data-uid=\"xnrptnqybiwbjhfwklcbsqisgacoehqwsskw\">\n<div class=\"brz-section__menu-item brz-css-tobfc brz-css-unysv\" data-custom-id=\"hnkwotucvfxmtdtidwpgldhldgiuiocyqatq\">\n<div class=\"brz-bg\">\n<div class=\"brz-bg-color\"><\/div>\n<\/div>\n<div class=\"brz-container brz-css-suejj\">\n<div class=\"brz-row__container brz-css-qabak\" data-custom-id=\"mwcufdndsqkvmlnivrazwrdskmdwmldrrpyk\">\n<div class=\"brz-row brz-css-mfjjd brz-css-xdmvt\">\n<div class=\"brz-columns brz-css-epdkt brz-css-vgtei\" data-custom-id=\"zftognqtuaezyoahiahvkgxphtirbytperoe\">\n<div class=\"brz-column__items brz-css-tcdio brz-css-ulvvz\">\n<div class=\"brz-css-khxrb brz-wrapper\">\n<div class=\"brz-menu__container brz-css-kfkmc\" data-mmenu-id=\"#qqbxfendsmexbslbvhrwubdfvrpwleletriq\" data-mmenu-position=\"position-left\" data-mmenu-title=\"Menu\" data-custom-id=\"qqbxfendsmexbslbvhrwubdfvrpwleletriq\">\n<nav class=\"brz-menu brz-menu__preview brz-css-mjzqw brz-css-kqaaq\">\n<ul class=\"brz-menu__ul\">\n<li class=\"brz-menu__item\"><a class=\"brz-a menu-item menu-item-type-post_type menu-item-object-page menu-item-home\" href=\"{@brizy_SITE_URL_PLACEHOLDER@}\/\" data-brz-link-type=\"external\"><span class=\"brz-span\">VERDE BAR<\/span><\/a><\/li>\n<li class=\"brz-menu__item brz-menu__item--current\"><a class=\"brz-a menu-item menu-item-type-post_type menu-item-object-page current-menu-item page_item page-item-266 current_page_item\" href=\"{@brizy_SITE_URL_PLACEHOLDER@}\/?page_id=266\" data-brz-link-type=\"external\"><span class=\"brz-span\">HRANA \/ FOOD<\/span><\/a><\/li>\n<li class=\"brz-menu__item\"><a class=\"brz-a menu-item menu-item-type-post_type menu-item-object-page\" href=\"{@brizy_SITE_URL_PLACEHOLDER@}\/?page_id=427\" data-brz-link-type=\"external\"><span class=\"brz-span\">PRENO\u010cI\u0160\u010cA \/ ROOMS<\/span><\/a><\/li>\n<\/ul>\n<\/nav>\n<div class=\"brz-mm-menu__icon\"><svg id=\"nc_icon\" xmlns=\"http:\/\/www.w3.org\/2000\/svg\" viewbox=\"0 0 16 16\" class=\"brz-icon-svg\" data-type=\"editor\" data-name=\"menu-3\"><g fill=\"currentColor\" fill-rule=\"nonzero\"><path d=\"M15 7H1c-.6 0-1 .4-1 1s.4 1 1 1h14c.6 0 1-.4 1-1s-.4-1-1-1zM15 2H1c-.6 0-1 .4-1 1s.4 1 1 1h14c.6 0 1-.4 1-1s-.4-1-1-1zM15 12H1c-.6 0-1 .4-1 1s.4 1 1 1h14c.6 0 1-.4 1-1s-.4-1-1-1z\"\/><\/g><\/svg>\n<\/div>\n<nav id=\"qqbxfendsmexbslbvhrwubdfvrpwleletriq\" class=\"brz-menu brz-menu__mmenu brz-menu__preview brz-css-mjzqw brz-css-kqaaq\">\n<ul class=\"brz-menu__ul\">\n<li class=\"brz-mm-menu__item brz-mm-menu__item-empty\"><a class=\"brz-a menu-item menu-item-type-post_type menu-item-object-page menu-item-home\" href=\"{@brizy_SITE_URL_PLACEHOLDER@}\/\" data-brz-link-type=\"external\"><span class=\"brz-span\">VERDE BAR<\/span><\/a><\/li>\n<li class=\"brz-mm-menu__item brz-mm-menu__item-empty brz-mm-menu__item--current\"><a class=\"brz-a menu-item menu-item-type-post_type menu-item-object-page current-menu-item page_item page-item-266 current_page_item\" href=\"{@brizy_SITE_URL_PLACEHOLDER@}\/?page_id=266\" data-brz-link-type=\"external\"><span class=\"brz-span\">HRANA \/ FOOD<\/span><\/a><\/li>\n<li class=\"brz-mm-menu__item brz-mm-menu__item-empty\"><a class=\"brz-a menu-item menu-item-type-post_type menu-item-object-page\" href=\"{@brizy_SITE_URL_PLACEHOLDER@}\/?page_id=427\" data-brz-link-type=\"external\"><span class=\"brz-span\">PRENO\u010cI\u0160\u010cA \/ ROOMS<\/span><\/a><\/li>\n<\/ul>\n<\/nav>\n<\/div>\n<\/div>\n<\/div>\n<\/div>\n<div class=\"brz-columns brz-css-epdkt brz-css-mribm\" data-custom-id=\"fqfotxztekwbxovawfhefksbqnmoqkwwpxwj\">\n<div class=\"brz-column__items brz-css-tcdio\">\n<div class=\"brz-css-khxrb brz-wrapper\">\n<div class=\"brz-rich-text brz-css-ddjte\" data-custom-id=\"pmrmyvpnhgdaqluzmwkboeptmgolmfdgnllu\">\n<p class=\"brz-fs-xs-im-25 brz-fs-sm-im-25 brz-fs-lg-26 brz-fw-xs-im-400 brz-fw-sm-im-400 brz-fw-lg-400 brz-ft-google brz-ff-overpass brz-ls-xs-im-0 brz-ls-sm-im-0 brz-ls-lg-0 brz-lh-xs-im-1_6 brz-lh-sm-im-1_6 brz-lh-lg-1_9 brz-text-lg-center\"><strong style=\"color: rgb(255, 255, 255);\">DOSTAVA \/ DELIVERY<\/strong><\/p>\n<p class=\"brz-fs-xs-im-25 brz-fs-sm-im-25 brz-fs-lg-26 brz-fw-xs-im-400 brz-fw-sm-im-400 brz-fw-lg-400 brz-ft-google brz-ff-overpass brz-ls-xs-im-0 brz-ls-sm-im-0 brz-ls-lg-0 brz-lh-xs-im-1_6 brz-lh-sm-im-1_6 brz-lh-lg-1_9 brz-text-lg-center\"><strong style=\"color: rgb(255, 255, 255);\">041 390 290<\/strong><\/p>\n<\/div>\n<\/div>\n<\/div>\n<\/div>\n<\/div>\n<\/div>\n<\/div>\n<\/div>\n<\/section>\n<section data-uid=\"cqjfkkozbvhnlujekuauksdqjhdnzzjtcqmt\" id=\"cqjfkkozbvhnlujekuauksdqjhdnzzjtcqmt\" class=\"brz-section brz-css-njnzp\">\n<div class=\"brz-section__content brz-section--boxed brz-css-ebyik brz-css-tcbew\" data-custom-id=\"mdlpuvstrtblyzmekpwthpwdxdxlwbhxklwf\">\n<div class=\"brz-bg\">\n<div class=\"brz-bg-image\"><\/div>\n<div class=\"brz-bg-color\"><\/div>\n<\/div>\n<div class=\"brz-container brz-css-awboc\">\n<div class=\"brz-row__container brz-css-qabak\" data-custom-id=\"jakgzqhafcmmfcrdwpkrdwthsambzqqfmcfr\">\n<div class=\"brz-row brz-css-mfjjd brz-css-bpfch\">\n<div class=\"brz-columns brz-css-epdkt brz-css-szymo\" data-custom-id=\"vlpsjewemyxerqgqtyaqiysjiywswclyxbko\">\n<div class=\"brz-column__items brz-css-tcdio brz-css-onlao\">\n<div class=\"brz-css-khxrb brz-wrapper\">\n<div class=\"brz-rich-text brz-css-ddjte\" data-custom-id=\"fcpylfvemmaovqkogdxltzzlticxebjkrboe\">\n<p class=\"brz-tp-abovetitle\"><span class=\"brz-cp-color8\"> <\/span><\/p>\n<p class=\"brz-tp-abovetitle\"><span class=\"brz-cp-color8\"> <\/span><\/p>\n<p class=\"brz-tp-abovetitle\"><span class=\"brz-cp-color8\"> <\/span><\/p>\n<p class=\"brz-tp-abovetitle\"><span class=\"brz-cp-color4\">PIZZA &#038; GRILL VERDE PETROV\u010cE<\/span><\/p>\n<p class=\"brz-tp-abovetitle\"><span class=\"brz-cp-color2\"> <\/span><\/p>\n<p class=\"brz-tp-abovetitle\"><span class=\"brz-cp-color2\"> <\/span><\/p>\n<\/div>\n<\/div>\n<div class=\"brz-css-khxrb brz-wrapper\">\n<div class=\"brz-rich-text brz-css-ddjte\" data-custom-id=\"ggmyyufapyxvutoxxlnlekapuxwxrcnzhucb\">\n<h1 class=\"brz-ff-montserrat brz-fw-xs-im-700 brz-fw-sm-im-700 brz-fw-lg-700 brz-ft-google brz-fs-xs-63 brz-ls-xs-im-m_1 brz-ls-sm-im-m_1 brz-ls-lg-m_1_5 brz-fs-sm-im-69 brz-fs-lg-75 brz-lh-xs-im-1_3 brz-lh-sm-im-1_3 brz-lh-lg-1_3\"><span class=\"brz-cp-color8\" style=\"opacity: 1;\">Jedilni list<\/span><span class=\"brz-cp-color6\"> <\/span><span class=\"brz-cp-color8\">\/ Menu<\/span><\/h1>\n<\/div>\n<\/div>\n<div class=\"brz-wrapper-clone brz-css-dhrxn\">\n<div class=\"brz-d-xs-flex brz-flex-xs-wrap brz-css-dieuh brz-css-gncfn\">\n<div class=\"brz-wrapper-clone__item brz-css-gpbda\" id=\"ssiugfrrdjgjrwhvdjyhacgcwnbxdqeecorw\"><a class=\"brz-a brz-anchor brz-btn brz-css-aikgo brz-css-uuzsh\" href=\"#uhaijduuzyxuugahfkftnyyqowqaccuzuhcn\" data-brz-link-type=\"anchor\" data-custom-id=\"ssiugfrrdjgjrwhvdjyhacgcwnbxdqeecorw\"><span class=\"brz-span brz-text__editor\">POGLEJ PONUDBO \/ CHECK OUR OFFER<\/span><\/a><\/div>\n<\/div>\n<\/div>\n<div class=\"brz-css-khxrb brz-wrapper\">\n<div class=\"brz-rich-text brz-css-ddjte\" data-custom-id=\"bfvujhnmhsiixnszwfbdhgjhmxvlfurxnizg\">\n<p class=\"brz-tp-paragraph\"><span class=\"brz-cp-color7\"> <\/span><\/p>\n<\/div>\n<\/div>\n<\/div>\n<\/div>\n<\/div>\n<\/div>\n<div class=\"brz-row__container brz-css-qabak\" data-custom-id=\"xozclrceqfewbualiiknkdodixecpyeaplti\">\n<div class=\"brz-row brz-css-mfjjd brz-css-bpfch\">\n<div class=\"brz-columns brz-css-epdkt brz-css-kxghy\" data-custom-id=\"kcfjzngyesxzzytkwxadivlzgioesfikkdcq\">\n<div class=\"brz-column__items brz-css-tcdio\">\n<div class=\"brz-css-khxrb brz-css-kalcj brz-css-cwjyg brz-wrapper\">\n<div class=\"brz-spacer brz-css-udgom brz-css-fgujb\"><\/div>\n<\/div>\n<\/div>\n<\/div>\n<div class=\"brz-columns brz-css-epdkt brz-css-rknzm\" data-custom-id=\"ymlbtdrlewxixmagwxnbsncchuvtwvrbnxvv\">\n<div class=\"brz-column__items brz-css-tcdio brz-css-yasxy\">\n<div class=\"brz-css-khxrb brz-wrapper\">\n<div class=\"brz-rich-text brz-css-ddjte\" data-custom-id=\"brwvtdbikngmobyudfdgkjsqxtscljcjcjzo\">\n<p class=\"brz-lh-lg-1_9 brz-lh-sm-im-1_6 brz-lh-xs-im-1_6 brz-ls-lg-0 brz-ls-sm-im-0 brz-ls-xs-im-0 brz-ff-overpass brz-ft-google brz-fw-lg-400 brz-fw-sm-im-400 brz-fw-xs-im-400 brz-fs-lg-20 brz-fs-sm-im-19 brz-fs-xs-im-19\"><span class=\"brz-cp-color8\">Pice iz kru\u0161ne pe\u010di s 100% mocarelo. <\/span><\/p>\n<p class=\"brz-lh-lg-1_9 brz-lh-sm-im-1_6 brz-lh-xs-im-1_6 brz-ls-lg-0 brz-ls-sm-im-0 brz-ls-xs-im-0 brz-ff-overpass brz-ft-google brz-fw-lg-400 brz-fw-sm-im-400 brz-fw-xs-im-400 brz-fs-lg-20 brz-fs-sm-im-19 brz-fs-xs-im-19\"><span class=\"brz-cp-color8\">Woodfire Pizza with 100% mozzarella. <\/span><\/p>\n<\/div>\n<\/div>\n<\/div>\n<\/div>\n<div class=\"brz-columns brz-css-epdkt brz-css-edzie\" data-custom-id=\"fycljkrymagkqaymevxfwasfhscgstzyxbmk\">\n<div class=\"brz-column__items brz-css-tcdio brz-css-mqsvc\">\n<div class=\"brz-css-khxrb brz-wrapper\">\n<div class=\"brz-icon-text brz-css-xfpna\" data-custom-id=\"agmhgbzlvzvossdwntitkbwuvrghuvkzwufb\">\n<div class=\"brz-icon__container\" data-custom-id=\"qavaitqjdaxmftvsecwepabwbrzvffheuism\"><span class=\"brz-span brz-icon css-y219w5\"><svg id=\"nc_icon\" version=\"1.1\" xmlns=\"http:\/\/www.w3.org\/2000\/svg\" xmlns:xlink=\"http:\/\/www.w3.org\/1999\/xlink\" x=\"0px\" y=\"0px\" viewbox=\"0 0 24 24\" xml:space=\"preserve\" class=\"brz-icon-svg\" data-type=\"outline\" data-name=\"car-2\"><g transform=\"translate(0, 0)\" class=\"nc-icon-wrapper\" fill=\"none\"><line data-cap=\"butt\" fill=\"none\" stroke=\"currentColor\" vector-effect=\"non-scaling-stroke\" stroke-miterlimit=\"10\" x1=\"15.051\" y1=\"16\" x2=\"7.949\" y2=\"16\" stroke-linecap=\"butt\" stroke-linejoin=\"miter\"\/> <polyline data-cap=\"butt\" fill=\"none\" stroke=\"currentColor\" vector-effect=\"non-scaling-stroke\" stroke-miterlimit=\"10\" points=\"3.051,16 1,16 1,10 5,5 15,5 18,10 23,10 23,16 19.949,16 \" stroke-linecap=\"butt\" stroke-linejoin=\"miter\"\/> <circle data-color=\"color-2\" fill=\"none\" stroke=\"currentColor\" vector-effect=\"non-scaling-stroke\" stroke-linecap=\"square\" stroke-miterlimit=\"10\" cx=\"5.5\" cy=\"16.5\" r=\"2.5\" stroke-linejoin=\"miter\"\/> <circle data-color=\"color-2\" fill=\"none\" stroke=\"currentColor\" vector-effect=\"non-scaling-stroke\" stroke-linecap=\"square\" stroke-miterlimit=\"10\" cx=\"17.5\" cy=\"16.5\" r=\"2.5\" stroke-linejoin=\"miter\"\/> <line data-cap=\"butt\" fill=\"none\" stroke=\"currentColor\" vector-effect=\"non-scaling-stroke\" stroke-miterlimit=\"10\" x1=\"18\" y1=\"10\" x2=\"1\" y2=\"10\" stroke-linecap=\"butt\" stroke-linejoin=\"miter\"\/> <line data-cap=\"butt\" fill=\"none\" stroke=\"currentColor\" vector-effect=\"non-scaling-stroke\" stroke-miterlimit=\"10\" x1=\"10\" y1=\"5\" x2=\"10\" y2=\"10\" stroke-linecap=\"butt\" stroke-linejoin=\"miter\"\/><\/g><\/svg><\/span><\/div>\n<div class=\"brz-text-btn\">\n<div class=\"brz-rich-text brz-css-ddjte\" data-custom-id=\"yrcqavzediwaexbueqyjllrfixjscevbfmfq\">\n<p class=\"brz-lh-lg-1_9 brz-lh-sm-im-1_6 brz-lh-xs-im-1_6 brz-ls-lg-0 brz-ls-sm-im-0 brz-ls-xs-im-0 brz-ff-overpass brz-ft-google brz-fw-lg-400 brz-fw-sm-im-400 brz-fw-xs-im-400 brz-fs-lg-20 brz-fs-sm-im-19 brz-fs-xs-im-19\"><strong class=\"brz-cp-color8\">DOSTAVA TOREK &#8211; NEDELJA DO 22. URE. <\/strong><\/p>\n<p class=\"brz-lh-lg-1_9 brz-lh-sm-im-1_6 brz-lh-xs-im-1_6 brz-ls-lg-0 brz-ls-sm-im-0 brz-ls-xs-im-0 brz-ff-overpass brz-ft-google brz-fw-lg-400 brz-fw-sm-im-400 brz-fw-xs-im-400 brz-fs-lg-20 brz-fs-sm-im-19 brz-fs-xs-im-19\"><span class=\"brz-cp-color8\">Pripeljemo tudi v Celje! <\/span><\/p>\n<p class=\"brz-lh-lg-1_9 brz-lh-sm-im-1_6 brz-lh-xs-im-1_6 brz-ls-lg-0 brz-ls-sm-im-0 brz-ls-xs-im-0 brz-ff-overpass brz-ft-google brz-fw-lg-400 brz-fw-sm-im-400 brz-fw-xs-im-400 brz-fs-lg-20 brz-fs-sm-im-19 brz-fs-xs-im-19\"><strong class=\"brz-cp-color8\">DELIVERY FROM TUESDAY TO SUNDAY UNTIL 10 PM. <\/strong><\/p>\n<p class=\"brz-lh-lg-1_9 brz-lh-sm-im-1_6 brz-lh-xs-im-1_6 brz-ls-lg-0 brz-ls-sm-im-0 brz-ls-xs-im-0 brz-ff-overpass brz-ft-google brz-fw-lg-400 brz-fw-sm-im-400 brz-fw-xs-im-400 brz-fs-lg-20 brz-fs-sm-im-19 brz-fs-xs-im-19\"><span class=\"brz-cp-color8\">We deliver to Celje as well!<\/span><\/p>\n<\/div>\n<\/div>\n<\/div>\n<\/div>\n<\/div>\n<\/div>\n<\/div>\n<\/div>\n<\/div>\n<\/div>\n<\/section>\n<section data-uid=\"brdbidarwvkngfgaausbrnwdffdnszaqtaiv\" id=\"brdbidarwvkngfgaausbrnwdffdnszaqtaiv\" class=\"brz-section brz-css-njnzp\">\n<div class=\"brz-section__content brz-section--boxed brz-css-ebyik brz-css-kworb\" data-custom-id=\"wfolvttflucprkmsjmooyfshipjsssqbukla\">\n<div class=\"brz-bg\">\n<div class=\"brz-bg-color\"><\/div>\n<\/div>\n<div class=\"brz-container brz-css-awboc\">\n<div class=\"brz-css-khxrb brz-wrapper\">\n<div class=\"brz-image brz-css-rrjpt\"><picture class=\"brz-picture brz-d-block brz-p-relative brz-css-tllua\" data-custom-id=\"edwjkygdqhumrwvioepdxrwqzdggfrkofanf\"><source srcset=\"{@brizy_SITE_URL_PLACEHOLDER@}\/?brizy_media=wp-20e1501fc14b30ef816a73043fc53c7f.png&#038;brizy_crop=iW%3D1205%26iH%3D1705%26oX%3D18%26oY%3D0%26cW%3D1170%26cH%3D1705&#038;brizy_post=266 1x, {@brizy_SITE_URL_PLACEHOLDER@}\/?brizy_media=wp-20e1501fc14b30ef816a73043fc53c7f.png&#038;brizy_crop=iW%3D2410%26iH%3D3410%26oX%3D36%26oY%3D0%26cW%3D2340%26cH%3D3410&#038;brizy_post=266 2x\" media=\"(min-width: 992px)\"><source srcset=\"{@brizy_SITE_URL_PLACEHOLDER@}\/?brizy_media=wp-20e1501fc14b30ef816a73043fc53c7f.png&#038;brizy_crop=iW%3D760%26iH%3D1075%26oX%3D11%26oY%3D0%26cW%3D738%26cH%3D1075&#038;brizy_post=266 1x, {@brizy_SITE_URL_PLACEHOLDER@}\/?brizy_media=wp-20e1501fc14b30ef816a73043fc53c7f.png&#038;brizy_crop=iW%3D1520%26iH%3D2150%26oX%3D22%26oY%3D0%26cW%3D1476%26cH%3D2150&#038;brizy_post=266 2x\" media=\"(min-width: 768px)\"><img class=\"brz-img brz-p-absolute\" srcset=\"{@brizy_SITE_URL_PLACEHOLDER@}\/?brizy_media=wp-20e1501fc14b30ef816a73043fc53c7f.png&#038;brizy_crop=iW%3D412%26iH%3D583%26oX%3D6%26oY%3D0%26cW%3D400%26cH%3D583&#038;brizy_post=266 1x, {@brizy_SITE_URL_PLACEHOLDER@}\/?brizy_media=wp-20e1501fc14b30ef816a73043fc53c7f.png&#038;brizy_crop=iW%3D824%26iH%3D1166%26oX%3D12%26oY%3D0%26cW%3D800%26cH%3D1166&#038;brizy_post=266 2x\" src=\"{@brizy_SITE_URL_PLACEHOLDER@}\/?brizy_media=wp-20e1501fc14b30ef816a73043fc53c7f.png&#038;brizy_crop=iW%3D1205%26iH%3D1705%26oX%3D18%26oY%3D0%26cW%3D1170%26cH%3D1705&#038;brizy_post=266\" alt=\"{{ brizy_dc_image_alt uid='wp-20e1501fc14b30ef816a73043fc53c7f.png' }}\" draggable=\"false\" loading=\"lazy\"><\/picture><\/div>\n<\/div>\n<div class=\"brz-css-khxrb brz-wrapper\">\n<div class=\"brz-image brz-css-gbudi\"><picture class=\"brz-picture brz-d-block brz-p-relative brz-css-xrkzy\" data-custom-id=\"umeconwununaqsqruvixjxyalqpfykuzeepa\"><source srcset=\"{@brizy_SITE_URL_PLACEHOLDER@}\/?brizy_media=wp-ac98c6a3bdf3df5767f8507ce35db8e0.png&#038;brizy_crop=iW%3D1205%26iH%3D1705%26oX%3D18%26oY%3D0%26cW%3D1170%26cH%3D1705&#038;brizy_post=266 1x, {@brizy_SITE_URL_PLACEHOLDER@}\/?brizy_media=wp-ac98c6a3bdf3df5767f8507ce35db8e0.png&#038;brizy_crop=iW%3D2410%26iH%3D3410%26oX%3D36%26oY%3D0%26cW%3D2340%26cH%3D3410&#038;brizy_post=266 2x\" media=\"(min-width: 992px)\"><source srcset=\"{@brizy_SITE_URL_PLACEHOLDER@}\/?brizy_media=wp-ac98c6a3bdf3df5767f8507ce35db8e0.png&#038;brizy_crop=iW%3D760%26iH%3D1075%26oX%3D11%26oY%3D0%26cW%3D738%26cH%3D1075&#038;brizy_post=266 1x, {@brizy_SITE_URL_PLACEHOLDER@}\/?brizy_media=wp-ac98c6a3bdf3df5767f8507ce35db8e0.png&#038;brizy_crop=iW%3D1520%26iH%3D2150%26oX%3D22%26oY%3D0%26cW%3D1476%26cH%3D2150&#038;brizy_post=266 2x\" media=\"(min-width: 768px)\"><img class=\"brz-img brz-p-absolute\" srcset=\"{@brizy_SITE_URL_PLACEHOLDER@}\/?brizy_media=wp-ac98c6a3bdf3df5767f8507ce35db8e0.png&#038;brizy_crop=iW%3D412%26iH%3D583%26oX%3D6%26oY%3D0%26cW%3D400%26cH%3D583&#038;brizy_post=266 1x, {@brizy_SITE_URL_PLACEHOLDER@}\/?brizy_media=wp-ac98c6a3bdf3df5767f8507ce35db8e0.png&#038;brizy_crop=iW%3D824%26iH%3D1166%26oX%3D12%26oY%3D0%26cW%3D800%26cH%3D1166&#038;brizy_post=266 2x\" src=\"{@brizy_SITE_URL_PLACEHOLDER@}\/?brizy_media=wp-ac98c6a3bdf3df5767f8507ce35db8e0.png&#038;brizy_crop=iW%3D1205%26iH%3D1705%26oX%3D18%26oY%3D0%26cW%3D1170%26cH%3D1705&#038;brizy_post=266\" alt=\"{{ brizy_dc_image_alt uid='wp-ac98c6a3bdf3df5767f8507ce35db8e0.png' }}\" draggable=\"false\" loading=\"lazy\"><\/picture><\/div>\n<\/div>\n<div class=\"brz-wrapper-clone brz-css-dhrxn\">\n<div class=\"brz-d-xs-flex brz-flex-xs-wrap brz-css-dieuh\">\n<div class=\"brz-wrapper-clone__item brz-css-gpbda\" id=\"pzcgwnhyebgtzflvvebpkptuxqrzmdqcqpyb\"><a class=\"brz-a brz-anchor brz-btn brz-css-aikgo\" href=\"#xnrptnqybiwbjhfwklcbsqisgacoehqwsskw\" data-brz-link-type=\"anchor\" data-custom-id=\"pzcgwnhyebgtzflvvebpkptuxqrzmdqcqpyb\"><svg id=\"nc_icon\" version=\"1.1\" xmlns=\"http:\/\/www.w3.org\/2000\/svg\" xmlns:xlink=\"http:\/\/www.w3.org\/1999\/xlink\" x=\"0px\" y=\"0px\" viewbox=\"0 0 24 24\" xml:space=\"preserve\" class=\"brz-icon-svg brz-css-oggsw brz-css-pefhu\" data-type=\"glyph\" data-name=\"stre-up\"><g class=\"nc-icon-wrapper\" fill=\"currentColor\"><path fill=\"currentColor\" d=\"M22.412,16.809L12,9.236L1.588,16.809l-1.177-1.617l11-8c0.351-0.256,0.826-0.256,1.177,0l11,8 L22.412,16.809z\"\/><\/g><\/svg><span class=\"brz-span brz-text__editor\"><\/span><\/a><\/div>\n<\/div>\n<\/div>\n<\/div>\n<\/div>\n<\/section>\n<\/div>\n<p><!-- version:1774958857 --><\/p>\n","protected":false},"excerpt":{"rendered":"<p>VERDE BAR HRANA \/ FOOD PRENO\u010cI\u0160\u010cA \/ ROOMS VERDE BAR HRANA \/ FOOD PRENO\u010cI\u0160\u010cA \/ ROOMS DOSTAVA \/ DELIVERY 041 390 290 PIZZA &#038; GRILL VERDE PETROV\u010cE Jedilni list \/ Menu POGLEJ PONUDBO \/ CHECK OUR OFFER Pice iz kru\u0161ne pe\u010di s 100% mocarelo. Woodfire Pizza with 100% mozzarella. DOSTAVA TOREK &#8211; NEDELJA DO 22. [&hellip;]<\/p>\n","protected":false},"author":2,"featured_media":0,"parent":0,"menu_order":0,"comment_status":"closed","ping_status":"closed","template":"brizy-blank-template.php","meta":[],"_links":{"self":[{"href":"https:\/\/verdebar.com\/index.php?rest_route=\/wp\/v2\/pages\/266"}],"collection":[{"href":"https:\/\/verdebar.com\/index.php?rest_route=\/wp\/v2\/pages"}],"about":[{"href":"https:\/\/verdebar.com\/index.php?rest_route=\/wp\/v2\/types\/page"}],"author":[{"embeddable":true,"href":"https:\/\/verdebar.com\/index.php?rest_route=\/wp\/v2\/users\/2"}],"replies":[{"embeddable":true,"href":"https:\/\/verdebar.com\/index.php?rest_route=%2Fwp%2Fv2%2Fcomments&post=266"}],"version-history":[{"count":84,"href":"https:\/\/verdebar.com\/index.php?rest_route=\/wp\/v2\/pages\/266\/revisions"}],"predecessor-version":[{"id":2548,"href":"https:\/\/verdebar.com\/index.php?rest_route=\/wp\/v2\/pages\/266\/revisions\/2548"}],"wp:attachment":[{"href":"https:\/\/verdebar.com\/index.php?rest_route=%2Fwp%2Fv2%2Fmedia&parent=266"}],"curies":[{"name":"wp","href":"https:\/\/api.w.org\/{rel}","templated":true}]}}